 7.
32
Convert -35 (base 8) to base 14.
-21
1 (base 14) to base 3
1
18 (base 16) to base 11
22
Convert -121 (base 6) to base 15.
-34
Convert 7 (base 10) to base 4.
13
What is -451 (base 6) in base 16?
-af
-2101 (base 3) to base 5
-224
What is -30 (base 12) in base 7?
-51
Convert -5 (base 15) to base 11.
-5
Convert 9 (base 15) to base 3.
100
What is 0 (base 5) in base 10?
0
What is 2 (base 10) in base 13?
2
What is 3 (base 15) in base 14?
3
What is 8 (base 16) in base 6?
12
What is 404 (base 6) in base 14?
a8
Convert -8 (base 13) to base 5.
-13
Convert -1132 (base 4) to base 6.
-234
What is 7 (base 10) in base 16?
7
Convert 146 (base 7) to base 3.
10002
-3 (base 5) to base 14
-3
Convert -73 (base 9) to base 7.
-123
Convert -101000 (base 2) to base 9.
-44
3a (base 16) to base 14
42
Convert -10 (base 2) to base 4.
-2
What is -24 (base 6) in base 9?
-17
Convert 12 (base 3) to base 5.
10
Convert -10 (base 11) to base 2.
-1011
What is 0 (base 4) in base 10?
0
What is -22 (base 12) in base 14?
-1c
-21 (base 6) to base 8
-15
Convert -11 (base 11) to base 14.
-c
Convert -332 (base 6) to base 5.
-1003
Convert 4 (base 16) to base 2.
100
Convert 13 (base 6) to base 12.
9
Convert 221 (base 5) to base 9.
67
-440 (base 9) to base 3
-111100
Convert 3 (base 4) to base 2.
11
Convert -1 (base 8) to base 6.
-1
What is 110 (base 5) in base 9?
33
30 (base 10) to base 11
28
Convert -43 (base 10) to base 4.
-223
Convert -1a (base 11) to base 9.
-23
4 (base 9) to base 11
4
1 (base 7) to base 14
1
What is -8 (base 11) in base 15?
-8
Convert -40 (base 5) to base 12.
-18
What is 1e (base 15) in base 4?
131
-5 (base 13) to base 5
-10
Convert -40 (base 15) to base 6.
-140
What is a (base 11) in base 8?
12
1100 (base 3) to base 13
2a
Convert -12 (base 13) to base 5.
-30
bc (base 16) to base 10
188
25 (base 11) to base 12
23
21 (base 9) to base 14
15
-2 (base 5) to base 14
-2
-6 (base 9) to base 7
-6
What is -1 (base 15) in base 12?
-1
Convert 1112 (base 3) to base 16.
29
0 (base 2) to base 15
0
What is 27 (base 10) in base 12?
23
What is 3a (base 14) in base 13?
40
What is -3 (base 9) in base 11?
-3
-a1 (base 13) to base 2
-10000011
10001000 (base 2) to base 12
b4
Convert -1 (base 11) to base 6.
-1
Convert -25 (base 6) to base 12.
-15
0 (base 8) to base 7
0
What is -1101 (base 2) in base 11?
-12
What is -113 (base 4) in base 7?
-32
23 (base 7) to base 4
101
-102 (base 3) to base 7
-14
-1 (base 8) to base 5
-1
What is -60 (base 10) in base 3?
-2020
Convert 11 (base 13) to base 14.
10
-13 (base 5) to base 9
-8
Convert -5 (base 10) to base 8.
-5
Convert -9 (base 13) to base 10.
-9
-103 (base 4) to base 16
-13
Convert -307 (base 9) to base 16.
-fa
What is 3 (base 5) in base 4?
3
What is -2 (base 4) in base 7?
-2
-d1 (base 14) to base 9
-223
Convert -15 (base 10) to base 3.
-120
-8 (base 10) to base 7
-11
4a (base 15) to base 16
46
What is 65 (base 10) in base 14?
49
Convert -1223 (base 4) to base 16.
-6b
What is -23 (base 16) in base 4?
-203
1 (base 16) to base 14
1
What is 56 (base 9) in base 4?
303
-32 (base 4) to base 6
-22
-11 (base 12) to base 3
-111
Convert -11c (base 16) to base 5.
-2114
Convert -3 (base 14) to base 2.
-11
What is -26 (base 12) in base 15?
-20
122 (base 7) to base 14
49
3 (base 6) to base 11
3
Convert -404 (base 6) to base 12.
-104
0 (base 6) to base 4
0
What is 58 (base 10) in base 14?
42
Convert 12 (base 13) to base 3.
120
-4 (base 6) to base 9
-4
-211 (base 5) to base 12
-48
-1 (base 14) to base 9
-1
What is 48 (base 9) in base 2?
101100
What is 5a (base 12) in base 5?
240
Convert 0 (base 14) to base 2.
0
What is -2022 (base 3) in base 15?
-42
Convert 0 (base 14) to base 12.
0
What is -405 (base 7) in base 16?
-c9
Convert -11100 (base 2) to base 10.
-28
Convert -24 (base 14) to base 11.
-2a
What is 1 (base 11) in base 10?
1
Convert -10 (base 5) to base 15.
-5
What is -1 (base 2) in base 11?
-1
-f (base 16) to base 6
-23
What is 3 (base 6) in base 16?
3
What is 1 (base 6) in base 11?
1
What is -10 (base 2) in base 16?
-2
What is -69 (base 12) in base 9?
-100
What is -154 (base 15) in base 2?
-100110000
Convert 45 (base 7) to base 6.
53
Convert -42 (base 5) to base 9.
-24
Convert 320 (base 7) to base 12.
115
What is -4 (base 8) in base 7?
-4
What is -2 (base 6) in base 12?
-2
-2 (base 8) to base 6
-2
What is 1 (base 10) in base 13?
1
What is -110110 (base 2) in base 5?
-204
Convert 11010010 (base 2) to base 5.
1320
-39 (base 11) to base 15
-2c
What is -3 (base 6) in base 10?
-3
What is 54 (base 11) in base 7?
113
-13 (base 12) to base 13
-12
74 (base 8) to base 11
55
What is 27 (base 14) in base 13?
29
Convert -2 (base 14) to base 7.
-2
What is c (base 15) in base 7?
15
What is 9 (base 11) in base 6?
13
Convert 66 (base 12) to base 15.
53
What is 0 (base 13) in base 9?
0
What is -8 (base 16) in base 2?
-1000
-3 (base 9) to base 11
-3
What is -20011 (base 3) in base 9?
-204
What is 2 (base 10) in base 6?
2
Convert -131 (base 4) to base 11.
-27
Convert -1235 (base 6) to base 3.
-102112
Convert -2 (base 10) to base 7.
-2
Convert -3 (base 4) to base 6.
-3
What is e8 (base 15) in base 5?
1333
What is 2331 (base 4) in base 16?
bd
What is 3 (base 6) in base 14?
3
Convert 72 (base 10) to base 2.
1001000
What is 9 (base 11) in base 15?
9
-29 (base 15) to base 8
-47
51 (base 6) to base 9
34
128 (base 10) to base 8
200
-6 (base 14) to base 2
-110
-15 (base 12) to base 14
-13
-14 (base 11) to base 14
-11
-24 (base 6) to base 2
-10000
1101 (base 2) to base 4
31
Convert -13 (base 14) to base 3.
-122
Convert 3 (base 12) to base 15.
3
-3 (base 15) to base 6
-3
What is 4 (base 5) in base 11?
4
Convert 23 (base 14) to base 11.
29
9 (base 16) to base 2
1001
-402 (base 7) to base 10
-198
Convert -50 (base 13) to base 11.
-5a
What is 16 (base 8) in base 3?
112
Convert 1b (base 16) to base 6.
43
-130 (base 9) to base 10
-108
64 (base 10) to base 9
71
What is 3 (base 4) in base 12?
3
27 (base 9) to base 7
34
Convert -14 (base 12) to base 2.
-10000
21 (base 12) to base 4
121
Convert -1341 (base 6) to base 16.
-15d
-70 (base 9) to base 8
-77
316 (base 10) to base 11
268
What is b (base 13) in base 7?
14
-10 (base 3) to base 5
-3
Convert 2b (base 13) to base 4.
211
-4b (base 15) to base 8
-107
Convert 2022 (base 4) to base 6.
350
Convert -194 (base 14) to base 10.
-326
Convert 4 (base 14) to base 15.
4
3 (base 11) to base 6
3
Convert -101 (base 7) to base 16.
-32
Convert -2 (base 3) to base 14.
-2
Convert -43 (base 11) to base 10.
-47
Convert 14 (base 16) to base 9.
22
Convert -4 (base 10) to base 12.
-4
What is -9 (base 14) in base 12?
-9
-3 (base 14) to base 2
-11
Convert -9d (base 14) to base 11.
-117
What is 0 (base 10) in base 14?
0
Convert -3 (base 5) to base 10.
-3
1011 (base 2) to base 10
11
-29 (base 16) to base 7
-56
-142 (base 5) to base 13
-38
What is -143 (base 7) in base 2?
-1010000
9 (base 10) to base 12
9
What is 3 (base 7) in base 11?
3
11010000 (base 2) to base 15
dd
What is -461 (base 7) in base 2?
-11101111
Convert 11 (base 6) to base 11.
7
Convert -1 (base 14) to base 5.
-1
What is -2 (base 10) in base 14?
-2
What is -10 (base 3) in base 13?
-3
a8 (base 13) to base 11
116
431 (base 6) to base 16
a3
What is -1000 (base 2) in base 16?
-8
What is -132 (base 6) in base 5?
-211
Convert -26 (base 15) to base 13.
-2a
Convert 10 (base 2) to base 4.
2
-1 (base 16) to base 14
-1
What is -1100 (base 2) in base 10?
-12
What is -2 (base 4) in base 3?
-2
-144 (base 7) to base 16
-51
-24 (base 6) to base 5
-31
0 (base 5) to base 6
0
What is -33 (base 7) in base 12?
-20
Convert 113 (base 4) to base 15.
18
-322 (base 4) to base 10
-58
Convert 78 (base 14) to base 3.
10221
What is 3 (base 15) in base 6?
3
Convert -202 (base 3) to base 9.
-22
Convert -512 (base 6) to base 13.
-116
What is -10 (base 3) in base 13?
-3
-350 (base 7) to base 11
-156
2 (base 13) to base 10
2
0 (base 13) to base 12
0
Convert -2 (base 7) to base 12.
-2
Convert 10 (base 16) to base 2.
10000
What is 112 (base 3) in base 15?
e
-10 (base 8) to base 6
-12
Convert 47 (base 14) to base 12.
53
11000 (base 3) to base 9
130
Convert -5 (base 15) to base 8.
-5
What is 53 (base 9) in base 10?
48
-1 (base 13) to base 8
-1
-e5 (base 16) to base 2
-11100101
Convert 2303 (base 4) to base 12.
12b
What is 2331 (ba